) a composite number?
False
Is 7 + -1 - (-620 + 3) a prime number?
False
Suppose -y + 4*y = 3*i + 207, 0 = 5*y + 5*i - 305. Let h = y + -32. Is h a composite number?
True
Let o(d) = -2*d**3 + 4*d**3 + 6*d + 10*d**2 + 11 + 5*d - d**3. Is o(-8) a composite number?
True
Let k be ((-42)/(-9))/((-1)/(-33)). Is k/4 - 6/(-12) prime?
False
Suppose 5*a - 3008 = -p, -11947 = -4*p - a - 2*a. Is p a composite number?
True
Suppose -2510 + 7465 = 5*v. Is v prime?
True
Let i(r) = -r**3 - r**2 + 3*r - 2. Let l be i(-4). Is ((-7)/(-2))/(1/l) composite?
True
Let n(z) = z + 6. Let j be n(0). Suppose 4*g = 5*y + 29, 4*y - 6 = j*y + 4*g. Let a(l) = 2*l**2 - 5*l + 4. Is a(y) prime?
True
Let n(d) = 8*d + 15. Is n(11) a prime number?
True
Let s = -462 + 833. Is s composite?
True
Is 858/10 + 5/((-175)/28) composite?
True
Suppose -2*s - 2 = -s, -u - 4*s = -6. Suppose -2*v + 63 = -3*i, -u = 4*v + i - 147. Is v composite?
True
Let w be 1/(-2)*(6 + -4). Let a be (-2)/(-8) - 201/4. Is a/(-15)*(w - -4) composite?
True
Suppose 2*h - 2*c - 6070 = 0, 9855 = 4*h + 5*c - 2303. Is h a composite number?
False
Let t = 1 - -8. Let j(a) = -a**3 + 8*a**2 + 10*a + 1. Is j(t) composite?
True
Let z(y) = -y + 5. Let s(r) = -r**2 - 8*r. Let g be s(-7). Let k be z(g). Is 2418/21 + k/14 prime?
False
Let s = 21 - 13. Is 1*(-4)/(s/(-218)) a prime number?
True
Let m be (-87)/(-27) - 4/18. Let g(u) = 3*u - m + 0 + 1. Is g(7) composite?
False
Let z(t) = 2019*t**3 - t**2 + t - 2. Is z(1) a prime number?
True
Let p = 152 - 101. Is p prime?
False
Let m = 3105 - 2038. Is m a prime number?
False
Let x(l) = l**2 + l + 491. Is x(0) a composite number?
False
Let p = 99 - -33. Let g = -77 + p. Is g a composite number?
True
Let t be (-1 + 2)*(-4)/(-2). Let d(j) = 7*j**3 + j**2. Let f be d(t). Suppose 0 = w + 3*w - f. Is w a composite number?
True
Let q(d) = -d - 4. Let w be q(-6). Let n = w - 4. Is ((-33)/(-6))/(n/(-28)) prime?
False
Let x(k) = 193*k - 3. Let q be x(4). Suppose 0 = -4*w + q + 743. Suppose -2*r + w = -208. Is r prime?
True
Suppose c + 3*c = 1036. Is c composite?
True
Let f(r) = 3*r**2 + 11*r + 1. Suppose 0 = 3*q - 5*l + 14 + 16, 3*l = q + 14. Is f(q) a composite number?
True
Suppose 0 = 5*i - 5*a - 720, -5*i - 3*a + 283 = -3*i. Is i a prime number?
False
Let g = 50 + -5. Is 2/(-9) + 7255/g composite?
True
Let z be (-7)/5 - 6/10. Let o = 32 + z. Is (-12)/o + (-394)/(-10) a prime number?
False
Let b = -271 + 172. Let q = -22 - b. Is q composite?
True
Let l = 5 - 6. Let n be 3/2*(l - 1). Is -3 - n/((-9)/(-870)) prime?
False
Let v(l) = -37*l - 21. Is v(-4) a composite number?
False
Let s(i) = 32*i**2 + 3*i - 1. Let z = -13 - -21. Suppose 3*d = z*d - 10. Is s(d) a prime number?
False
Let b be ((-147)/5)/((-1)/5). Let t = b + -48. Suppose 2*i = t + 83. Is i a composite number?
True
Suppose 3*v + v - 2512 = 4*b, 0 = -4*v - b + 2527. Is v a composite number?
False
Let v be 2/(-6) + 1174/(-6). Let k = -85 - v. Is k a composite number?
True
Is -2 - 0 - (-1 - 1996/2) a composite number?
False
Suppose -2*o - 780 = 3*p - 5046, -5*o + 4*p = -10619. Is o a prime number?
False
Let p(f) be the second derivative of -f**5/20 - f**4/6 + 5*f**3/6 + 3*f**2/2 + 2*f. Let b be p(-3). Let o(g) = g**3 + 4*g**2 - 2*g - 2. Is o(b) a prime number?
True
Suppose 3*m - m + 4 = 0. Let b(z) = 2*z**2 - z + 1. Is b(m) composite?
False
Let t(n) = -9*n**3 - 5*n**2 - n - 9. Let q(i) = 5*i**3 + 2*i**2 + i + 5. Let x(z) = -11*q(z) - 6*t(z). Suppose -3*u + 13 + 2 = 0. Is x(u) composite?
True
Let k = 219 - 88. Is k a prime number?
True
Suppose 0*l = -l + 1043. Is l composite?
True
Let u = 1276 - 645. Is u prime?
True
Let p(b) = -136*b + 1. Let g be p(-1). Suppose -q = -2*y + g, -y - 4*q + 36 = -19. Is y prime?
True
Let j(c) be the third derivative of -13*c**4/12 + c**3/3 - 2*c**2. Let f be j(-6). Suppose -f = -l - l. Is l prime?
True
Suppose 2281 = -3*c + 6940. Is c a composite number?
False
Let l = 65 + -34. Is l a prime number?
True
Suppose 0 = 6*l - 2*l + 12. Let t(c) = c**2 + 3*c + 4. Let m be t(l). Suppose 0 = m*o - 282 + 62. Is o a prime number?
False
Let k be (22/4)/(1/6). Let r = k + -18. Is r a composite number?
True
Let f(q) be the first derivative of -3*q**2/2 + q - 2. Is f(-3) prime?
False
Suppose -2*b + 569 = 3*k, -3*b + 4 = -2*b. Is k a prime number?
False
Let a be (-452)/(-10) + 1/(-5). Let r = 29 - a. Let k = -10 - r. Is k composite?
True
Suppose 634 - 39 = 5*s. Is s composite?
True
Is 6/(-9)*(-7185)/10 a prime number?
True
Is (-37811)/(-9) - 10/45 a composite number?
False
Let p(f) = 57*f**2 - 4*f + 3. Suppose 5*z + 0 = 5*q + 5, 3*q = -3*z + 9. Let y be p(z). Suppose 3*a - y = -28. Is a composite?
True
Let b(v) = 5*v - 16. Let u be b(15). Suppose u = z + 22. Is z composite?
False
Suppose -4*r = -2*a + 7*a - 609, 3*a - 366 = -3*r. Is a a composite number?
True
Suppose 7*o - 5*o - 746 = 0. Is o a composite number?
False
Suppose 6 = 2*f - 6. Let r = 21 - f. Is r prime?
False
Suppose -9 = -4*j + 23. Let c = j + -10. Let i(x) = -39*x + 1. Is i(c) a composite number?
False
Let c = -19 - -31. Suppose 0 = -2*q - 5*d + 6, 3*q - c = -q + 4*d. Suppose 47 = q*n - 2*k, 4*n - 73 = -k - 14. Is n composite?
True
Suppose y + 2*s - 111 = -0*y, -3*y + 5*s = -388. Is y a prime number?
False
Suppose 2*h - 13 + 5 = 0. Suppose -4*p + 925 - 272 = 3*j, 2*p + h*j = 334. Is p prime?
False
Suppose 5*c - 9 = 3*p - 6*p, 5*p = 2*c + 15. Suppose c = 4*k - 126 - 334. Is k a prime number?
False
Suppose 0*b = -3*b + 3165. Suppose -u - 4*u + b = 0. Is u prime?
True
Let i be -2 - 3/(3/(-3)). Let g(t) = 89*t**2 - t + 1. Is g(i) prime?
True
Suppose 3*o - 2*d - 172 - 757 = 0, -2*o + 610 = d. Is o a prime number?
True
Let w(h) = h**3 - 8*h**2 - 2*h + 12. Let j be w(8). Is j/(-10) - 1053/(-5) prime?
True
Let n(g) = 403*g**3 - g**2 + 3*g - 5. Is n(2) a composite number?
False
Let d(w) = w - 9. Let o be d(9). Suppose o = -a - 5*f + 698, 0*a - f = 4*a - 2735. Is a composite?
False
Let h(w) = -7*w**3 + 2*w**2 - 2*w - 3. Is h(-2) a composite number?
True
Let b(l) = -15*l**2. Let n be b(1). Let s be (-1812)/n + 2/10. Suppose -o - s = -4*i, 3*i + 5*o = -2*i + 170. Is i composite?
False
Let d = -458 + 308. Is (-38830)/d + 2/15 a prime number?
False
Let r(x) = -286*x + 1. Suppose 2 = 3*u - 1. Let b be r(u). Let s = b - -448. Is s composite?
False
Let c(u) = -u**2 - 6*u + 2. Let p be c(-6). Suppose 0 = -3*w - w - 3*n + 155, -p*n - 150 = -4*w. Is w composite?
True
Let i(p) = -p**2 - p. Let q be i(0). Let a be -2*(1/(-2) + q). Is ((-134)/(-3 + 1))/a a prime number?
True
Let g(t) = -3*t**2 + 3*t - 7. Let q be g(6). Let n = q + 161. Suppose p + 3*c = n, -102 = -2*p + 4*c + 36. Is p composite?
False
Suppose 4*l - 1837 = 3*a, -l + a - 68 + 526 = 0. Is l a prime number?
True
Let p = 203 + -126. Is p prime?
False
Suppose -f - 7 = -396. Is f composite?
False
Suppose -5*c + 1912 = 297. Suppose 0 = 3*y - 0*z + 4*z - c, -5*y - 3*z = -542. Is y a prime number?
True
Let q = -4372 + 6285. Is q a composite number?
False
Is (7 - 9)/(2/(-635)) composite?
True
Let c(q) = q**3 - 10*q**2 - 11*q + 15. Let j be c(11). Let b(d) = d**3 - 14*d**2 - 10*d - 20. Is b(j) prime?
False
Let h = -577 + 1412. Is h a composite number?
True
Suppose -2*r + 71 = n + 2*n, 0 = -3*r - n + 89. Suppose -88 = 5*b - r. Let p = b - -18. Is p composite?
True
Let p = -14 - -11. Let u = p + 296. Is u a composite number?
False
Let m(b) = -b**2 + 4*b + 3. Let t be m(4). Suppose 0 = t*r, y + 3*r = 4*r + 331. Is y prime?
True
Let t(v) = -1. Let u(h) = -h + 5. Let g(c) = -4*t(c) - u(c). Let a(m) = -24*m + 15. Let r(b) = a(b) + 4*g(b). Is r(-10) a composite number?
False
Is 129 + 1/(2/(-4)) composite?
False
Let q = 125 - 38. Is q composite?
True
Suppose -15*h + 14*h + 4 = 0. Let t(s) = 8*s**3 + s**2 - 4*s + 7. Is t(h) prime?
False
Let x be -4*(3 - -1)/(-4). Is (x/6)/(4/4242) a prime number?
False
Let l(p) = -162*p**3 - p. Is l(-1) prime?
True
Let s(d) = -4*d**3 - 5*d**2 - 5*d - 3. Let m(l) = 3*l**3 + 4*l**2 + 5*l + 3. Let o(v) = 5*m(v) + 4*s(v). Let x be (18/(-15))/((-2)/(-5)). Is o(x) composite?
True
Let v(h) = h - 1. Let d be v(2). Let n(c) = 22*c. Let f be n(d). Is (f/3)/(6/9) a prime number?
True
Let c be ((-104)/(-12))/((-2)/(-132)). Suppose c = 4*b - 0*b. Is b a prime number?
False
Is 246*(-4 + 26/6) a prime num